
True
Is 23645 a multiple of 8?
False
Is 1771698 a multiple of 6?
True
Is 196 a factor of 1206318?
False
Is 295 a factor of 330990?
True
Is 19 a factor of 26870943?
False
Does 109 divide 859574?
True
Is 21177 a multiple of 13?
True
Does 11 divide 1744644?
True
Does 41 divide 902?
True
Is 1208727 a multiple of 117?
True
Is 177 a factor of 11582917?
False
Is 15 a factor of 1077120?
True
Does 291 divide 287799?
True
Is 4883 even?
False
Does 8 divide 315576?
True
Is 8586 a multiple of 6?
True
Is 2076186 a multiple of 21?
True
Is 39 a factor of 17520625?
False
Is 93318 a multiple of 57?
False
Is 379324 a multiple of 932?
True
Does 1110 divide 4995000?
True
Is 89 a factor of 1441266?
True
Is 37701 a multiple of 639?
True
Is 74 a factor of 25974?
True
Is 58660 a multiple of 28?
True
Is 504 a factor of 184571?
False
Is 146928 a multiple of 48?
True
Is 93 a factor of 3994364?
False
Does 7 divide 430969?
True
Is 428915 a multiple of 7?
False
Is 58185 a multiple of 27?
True
Is 2142996 a multiple of 30?
False
Is 73 a factor of 1231948?
True
Is 25635043 a multiple of 29?
True
Is 69564 a multiple of 379?
False
Does 354 divide 2262268?
False
Is 5649 even?
False
Is 96 a factor of 151104?
True
Is 1338 a factor of 6805068?
True
Is 97546 a multiple of 68?
False
Does 399 divide 607677?
True
Does 5 divide 13444?
False
Is 211 a factor of 1513292?
True
Is 907 a factor of 720158?
True
Does 14 divide 1679384?
True
Does 41 divide 85409?
False
Is 204166 a multiple of 62?
True
Does 247 divide 68419?
True
Is 527631 a multiple of 13?
True
Is 455 a factor of 1425060?
True
Is 121 a factor of 158536?
False
Does 23 divide 115621?
True
Is 27664 a multiple of 28?
True
Is 3943625 a multiple of 35?
True
Does 520 divide 4486538?
False
Is 260 a factor of 269492?
False
Is 1369 a factor of 783600?
False
Is 25 a factor of 2383232?
False
Does 19 divide 135470?
True
Is 60340 a multiple of 35?
True
Does 113 divide 5877695?
True
Is 24 a factor of 84946?
False
Is 11602582 a multiple of 33?
False
Is 35 a factor of 850082?
False
Does 24 divide 1056288?
True
Does 364 divide 946764?
True
Does 13 divide 18288686?
True
Is 3 a factor of 1739?
False
Is 13 a factor of 1214564?
True
Is 462288 a multiple of 355?
False
Is 45 a factor of 1901920?
False
Does 61 divide 1731302?
True
Does 69 divide 1019065?
False
Is 2899490 a multiple of 11?
True
Is 15 a factor of 5949975?
True
Does 43 divide 476624?
False
Does 300 divide 171600?
True
Does 15 divide 265815?
True
Does 15 divide 73245?
True
Is 533922 a multiple of 45?
False
Does 318 divide 2915420?
False
Does 75 divide 991350?
True
Does 11 divide 17875?
True
Is 183 a factor of 300852?
True
Does 76 divide 1609387?
False
Does 1096 divide 6582576?
True
Is 49 a factor of 14716021?
False
Is 8 a factor of 80626?
False
Does 31 divide 64869?
False
Does 22 divide 1076042?
True
Does 792 divide 1652904?
True
Does 36 divide 585324?
True
Is 4 a factor of 8286?
False
Does 3 divide 128432?
False
Does 78 divide 1304947?
False
Is 1208214 a multiple of 129?
True
Is 30375 a multiple of 225?
True
Is 818 a factor of 2051544?
True
Is 157820 a multiple of 5?
True
Is 162 a factor of 1214701?
False
Does 34 divide 2745723?
False
Does 9 divide 10540267?
False
Is 26 a factor of 4652464?
False
Is 5 a factor of 17570?
True
Is 155 a factor of 59365?
True
Is 8340875 a multiple of 14?
False
Is 111118 a multiple of 7?
True
Is 3958426 a multiple of 10?
False
Is 1369 a factor of 12742101?
False
Is 3 a factor of 45490?
False
Is 250447 a multiple of 36?
False
Is 18 a factor of 1635647?
False
Is 76892 a multiple of 188?
True
Is 20748 a multiple of 7?
True
Is 875982 a multiple of 166?
True
Is 1485525 a multiple of 20?
False
Is 15 a factor of 12100548?
False
Is 344262 a multiple of 11?
False
Is 84 a factor of 217613?
False
Is 167801 a multiple of 4?
False
Does 43 divide 1594569?
True
Is 4588896 a multiple of 16?
True
Is 1255318 a multiple of 20?
False
Is 166573 a multiple of 19?
True
Does 29 divide 18313500?
True
Is 5171424 a multiple of 11?
False
Is 102503 a multiple of 53?
False
Is 129546 a multiple of 13?
False
Does 27 divide 84018?
False
Does 88 divide 301752?
True
Is 63 a factor of 5240513?
False
Is 89 a factor of 550732?
True
Does 43 divide 3913?
True
Does 20 divide 119669?
False
Is 756349 a multiple of 14?
False
Is 1495129 a multiple of 253?
False
Does 429 divide 1716?
True
Does 1773 divide 3597417?
True
Does 61 divide 47641?
True
Is 415740 a multiple of 52?
True
Is 89 a factor of 407353?
True
Is 385784 a multiple of 2?
True
Does 18 divide 371815?
False
Is 2903055 a multiple of 37?
False
Does 6 divide 251859?
False
Is 1400284 a multiple of 143?
False
Is 18870799 a multiple of 987?
False
Does 8 divide 1103600?
True
Does 158 divide 91384?
False
Is 205568 a multiple of 22?
True
Does 4 divide 8292?
True
Is 3851484 a multiple of 4?
True
Does 11 divide 1037626?
False
Does 22 divide 508310?
True
Is 1167416 a multiple of 21?
False
Is 3329677 a multiple of 1636?
False
Is 67 a factor of 4564402?
False
Is 2188501 a multiple of 13?
False
Does 349 divide 908447?
True
Is 445560 a multiple of 69?
False
Is 14 a factor of 4980108?
True
Does 12 divide 20216?
False
Does 87 divide 62567?
False
Is 939413 a multiple of 126?
False
Is 186 a factor of 495132?
True
Is 34 a factor of 310828?
True
Is 336968 a multiple of 199?
False
Does 575 divide 7671650?
True
Does 328 divide 3692136?
False
Does 26 divide 145859?
False
Does 76 divide 361702?
False
Does 14 divide 630574?
True
Is 244 a multiple of 4?
True
Does 5 divide 2426386?
False
Does 31 divide 107880?
True
Does 749 divide 2387812?
True
Is 17410962 a multiple of 29?
True
Does 229 divide 3216763?
True
Is 64 a factor of 1232832?
True
Does 188 divide 646344?
True
Is 1143 a factor of 400050?
True
Is 150860 a multiple of 794?
True
Is 7216 a multiple of 54?
False
Does 3 divide 96084?
True
Is 14 a factor of 109602?
False
Is 69 a factor of 6265003?
False
Is 24 a factor of 10201489?
False
Is 281409 a multiple of 19?
True
Is 67 a factor of 134134?
True
Does 91 divide 345909?
False
Is 78 a factor of 88296?
True
Does 97 divide 128293?
False
Is 1752217 a multiple of 707?
False
Is 43 a factor of 795083?
False
Is 112 a factor of 14224?
True
Is 122 a factor of 132980?
True
Is 3 a factor of 17152?
False
Is 231179 a multiple of 443?
False
Is 880 a factor of 6003128?
False
Does 65 divide 4494490?
True
Is 80 a factor of 1191489?
False
Is 518760 a multiple of 990?
True
Is 33 a factor of 2225157?
True
Is 109 a factor of 118265?
True
Is 485478 a multiple of 14?
True
Is 54 a factor of 2646?
True
Is 1987475 a multiple of 531?
False
Is 2 a factor of 18603?
False
Does 7 divide 38368?
False
Does 31 divide 13047?
False
Is 115 a factor of 1468829?
False
Does 2 divide 567188?
True
Does 9 divide 56574?
True
Is 1518600 a multiple of 150?
True
Is 1046718 a multiple of 11?
False
Does 17 divide 42370?
False
Is 1442525 a multiple of 396?
False
Is 188 a factor of 2330072?
True
Is 1904340 a multiple of 204?
True
Does 12 divide 1461731?
False
Is 135520 a multiple of 2?
True
Is 92 a factor of 47011?
False
Is 333 a factor of 67019?
False
Does 42 divide 1158994?
False
Does 20 divide 13406934?
False
Does 743 divide 6877951?
True
Is 5 a factor of 138110?
True
Is 50 a factor of 859050?
True
Is 26 a factor of 144889?
False
Does 314 divide 26420672?
False
Is 102 a factor of 1648863?
False
Does 73 divide 14570946?
True
Is 103 a factor of 28692?
False
Does 21 divide 2163330?
False
Does 309 divide 349479?
True
Is 45 a factor of 95396?
False
Does 522 divide 1408878?
True
Is 4774480 a multiple of 1966?
False
Is 77682 a multiple of 50?
False
Is 766480 a multiple of 440?
True
Is 8 a factor of 148325?
False
Is 119840 a multiple of 214?
True
Is 160 a factor of 8547200?
True
Is 1212 a factor of 11443704?
True
Is 316452 a multiple of 23?
False
Is 655169 a multiple of 250?
False
Does 268 divide 670804?
True
Is 8 a factor of 6375864?
True
Is 24 a factor of 10092072?
True
Is 304575 a multiple of 274?
False
Is 117669 a multiple of 18?
False
Does 28 divide 105571?
False
Is 461 a factor of 485219?
False
Does 12 divide 1109808?
True
Does 24 divide 2941104?
True
Is 697274 a multiple of 18?
False
Is 25 a factor of 3199929?
False
Is 5 a factor of 74720?
True
Is 39608 a multiple of 113?
False
Is 37501 a multiple of 2?
False
Does 